{"id":53,"date":"2023-11-07T16:31:55","date_gmt":"2023-11-07T16:31:55","guid":{"rendered":"https:\/\/max-ved.hu\/?page_id=53"},"modified":"2023-11-20T16:35:05","modified_gmt":"2023-11-20T16:35:05","slug":"igenyfelmeres-es-folyamat-ismertetese","status":"publish","type":"page","link":"https:\/\/max-ved.hu\/index.php\/igenyfelmeres-es-folyamat-ismertetese\/","title":{"rendered":"Ig\u00e9nyfelm\u00e9r\u00e9s \u00e9s folyamat ismertet\u00e9se"},"content":{"rendered":"\t\t<div data-elementor-type=\"wp-page\" data-elementor-id=\"53\" class=\"elementor elementor-53\" data-elementor-post-type=\"page\">\n\t\t\t\t<div class=\"elementor-element elementor-element-aaf9304 e-flex e-con-boxed e-con e-parent\" data-id=\"aaf9304\" data-element_type=\"container\" data-settings=\"{&quot;background_background&quot;:&quot;classic&quot;}\">\n\t\t\t\t\t<div class=\"e-con-inner\">\n\t\t\t\t<div class=\"elementor-element elementor-element-b6b2f46 elementor-widget elementor-widget-heading\" data-id=\"b6b2f46\" data-element_type=\"widget\" data-widget_type=\"heading.default\">\n\t\t\t\t<div class=\"elementor-widget-container\">\n\t\t\t\t\t<h2 class=\"elementor-heading-title elementor-size-default\">IG\u00c9NYFELM\u00c9R\u00c9S \u00c9S FOLYAMAT ISMERTET\u00c9SE<\/h2>\t\t\t\t<\/div>\n\t\t\t\t<\/div>\n\t\t\t\t\t<\/div>\n\t\t\t\t<\/div>\n\t\t<div class=\"elementor-element elementor-element-9d88693 e-flex e-con-boxed e-con e-parent\" data-id=\"9d88693\" data-element_type=\"container\" data-settings=\"{&quot;background_background&quot;:&quot;classic&quot;}\">\n\t\t\t\t\t<div class=\"e-con-inner\">\n\t\t<div class=\"elementor-element elementor-element-317c137 e-con-full e-flex elementor-invisible e-con e-child\" data-id=\"317c137\" data-element_type=\"container\" data-settings=\"{&quot;animation&quot;:&quot;fadeInLeft&quot;,&quot;animation_delay&quot;:100,&quot;animation_mobile&quot;:&quot;none&quot;}\">\n\t\t\t\t<div class=\"elementor-element elementor-element-263d7e8 elementor-invisible elementor-widget elementor-widget-heading\" data-id=\"263d7e8\" data-element_type=\"widget\" data-settings=\"{&quot;_animation&quot;:&quot;fadeIn&quot;,&quot;_animation_mobile&quot;:&quot;none&quot;}\" data-widget_type=\"heading.default\">\n\t\t\t\t<div class=\"elementor-widget-container\">\n\t\t\t\t\t<h2 class=\"elementor-heading-title elementor-size-default\">Ugyan\u00fagy, ahogy a fodr\u00e1szn\u00e1l, a fogorvosn\u00e1l, az aut\u00f3szerel\u0151n\u00e9l, vagy b\u00e1rhol, ahol fizet\u00fcnk egy szolg\u00e1ltat\u00e1s\u00e9rt, szeretj\u00fck el\u0151re tudni, hogy:<\/h2>\t\t\t\t<\/div>\n\t\t\t\t<\/div>\n\t\t\t\t<div class=\"elementor-element elementor-element-7b65b5e elementor-widget elementor-widget-text-editor\" data-id=\"7b65b5e\" data-element_type=\"widget\" data-widget_type=\"text-editor.default\">\n\t\t\t\t<div class=\"elementor-widget-container\">\n\t\t\t\t\t\t\t\t\t<ul><li>Mik a lehet\u0151s\u00e9geink?<\/li><li>Mennyibe ker\u00fclnek az egyes lehet\u0151s\u00e9gek?<\/li><li>Mi ker\u00fcl felszerel\u00e9sre hozz\u00e1nk?<\/li><li>Mi\u00e9rt \u00e9pp az a szerkezet?<\/li><li>Hogyan n\u00e9z ki a munkafolyamat?<\/li><li>Mennyi id\u0151t vesz ig\u00e9nybe a folyamat?<\/li><li>Hova ker\u00fclnek a l\u00e1that\u00f3 elemek?<\/li><\/ul>\t\t\t\t\t\t\t\t<\/div>\n\t\t\t\t<\/div>\n\t\t\t\t<\/div>\n\t\t<div class=\"elementor-element elementor-element-d0922cf e-con-full e-flex elementor-invisible e-con e-child\" data-id=\"d0922cf\" data-element_type=\"container\" data-settings=\"{&quot;animation&quot;:&quot;fadeInRight&quot;,&quot;animation_delay&quot;:100,&quot;animation_mobile&quot;:&quot;none&quot;}\">\n\t\t\t\t<div class=\"elementor-element elementor-element-e68fd38 elementor-widget elementor-widget-image\" data-id=\"e68fd38\" data-element_type=\"widget\" data-widget_type=\"image.default\">\n\t\t\t\t<div class=\"elementor-widget-container\">\n\t\t\t\t\t\t\t\t\t\t\t\t\t\t\t<img fetchpriority=\"high\" decoding=\"async\" width=\"1531\" height=\"1698\" src=\"https:\/\/i0.wp.com\/max-ved.hu\/wp-content\/uploads\/2023\/11\/giu-vicente-IJ7EciMAQIY-unsplash-e1699374912378.jpg?fit=1531%2C1698&amp;ssl=1\" class=\"attachment-full size-full wp-image-54\" alt=\"\" srcset=\"https:\/\/i0.wp.com\/max-ved.hu\/wp-content\/uploads\/2023\/11\/giu-vicente-IJ7EciMAQIY-unsplash-e1699374912378.jpg?w=1531&amp;ssl=1 1531w, https:\/\/i0.wp.com\/max-ved.hu\/wp-content\/uploads\/2023\/11\/giu-vicente-IJ7EciMAQIY-unsplash-e1699374912378.jpg?resize=270%2C300&amp;ssl=1 270w, https:\/\/i0.wp.com\/max-ved.hu\/wp-content\/uploads\/2023\/11\/giu-vicente-IJ7EciMAQIY-unsplash-e1699374912378.jpg?resize=923%2C1024&amp;ssl=1 923w, https:\/\/i0.wp.com\/max-ved.hu\/wp-content\/uploads\/2023\/11\/giu-vicente-IJ7EciMAQIY-unsplash-e1699374912378.jpg?resize=768%2C852&amp;ssl=1 768w, https:\/\/i0.wp.com\/max-ved.hu\/wp-content\/uploads\/2023\/11\/giu-vicente-IJ7EciMAQIY-unsplash-e1699374912378.jpg?resize=1385%2C1536&amp;ssl=1 1385w\" sizes=\"(max-width: 800px) 100vw, 800px\" \/>\t\t\t\t\t\t\t\t\t\t\t\t\t\t\t<\/div>\n\t\t\t\t<\/div>\n\t\t\t\t<\/div>\n\t\t\t\t\t<\/div>\n\t\t\t\t<\/div>\n\t\t<div class=\"elementor-element elementor-element-861e169 e-flex e-con-boxed e-con e-parent\" data-id=\"861e169\" data-element_type=\"container\" data-settings=\"{&quot;background_background&quot;:&quot;classic&quot;}\">\n\t\t\t\t\t<div class=\"e-con-inner\">\n\t\t\t\t<div class=\"elementor-element elementor-element-c6756e9 elementor-invisible elementor-widget elementor-widget-heading\" data-id=\"c6756e9\" data-element_type=\"widget\" data-settings=\"{&quot;_animation&quot;:&quot;fadeIn&quot;,&quot;_animation_delay&quot;:200,&quot;_animation_mobile&quot;:&quot;none&quot;}\" data-widget_type=\"heading.default\">\n\t\t\t\t<div class=\"elementor-widget-container\">\n\t\t\t\t\t<h2 class=\"elementor-heading-title elementor-size-default\">Ez ut\u00f3bbi k\u00fcl\u00f6n\u00f6sen fontos, hiszen egy\u00e1ltal\u00e1n nem mindegy hogy pl. egy csal\u00e1di h\u00e1zban, lak\u00e1sban, de az irod\u00e1nkban is mennyire rond\u00edt bele a berendez\u00e9s a hely\neszt\u00e9tik\u00e1j\u00e1ba? Nos n\u00e1lunk nincsenek meglepet\u00e9sek, mindent elmondunk \u00e9s megmutatunk el\u0151re! Ha \u00d6nnek nem tetszik, esetleg m\u00e1sk\u00e9pp\/m\u00e1shova szeretn\u00e9, \u00fagy az\n\u00e9sszer\u0171s\u00e9g \u00e9s m\u0171szaki megval\u00f3s\u00edthat\u00f3s\u00e1g sz\u00e9les mezsgy\u00e9j\u00e9n bel\u00fcl \u00d6nnek van belesz\u00f3l\u00e1sa a folyamatba.<\/h2>\t\t\t\t<\/div>\n\t\t\t\t<\/div>\n\t\t\t\t\t<\/div>\n\t\t\t\t<\/div>\n\t\t<div class=\"elementor-element elementor-element-fa739ca e-flex e-con-boxed e-con e-parent\" data-id=\"fa739ca\" data-element_type=\"container\" data-settings=\"{&quot;background_background&quot;:&quot;classic&quot;}\">\n\t\t\t\t\t<div class=\"e-con-inner\">\n\t\t\t\t<div class=\"elementor-element elementor-element-3cb8351 elementor-widget-divider--view-line elementor-invisible elementor-widget elementor-widget-divider\" data-id=\"3cb8351\" data-element_type=\"widget\" data-settings=\"{&quot;_animation&quot;:&quot;fadeIn&quot;,&quot;_animation_delay&quot;:200,&quot;_animation_mobile&quot;:&quot;none&quot;}\" data-widget_type=\"divider.default\">\n\t\t\t\t<div class=\"elementor-widget-container\">\n\t\t\t\t\t\t\t<div class=\"elementor-divider\">\n\t\t\t<span class=\"elementor-divider-separator\">\n\t\t\t\t\t\t<\/span>\n\t\t<\/div>\n\t\t\t\t\t\t<\/div>\n\t\t\t\t<\/div>\n\t\t\t\t\t<\/div>\n\t\t\t\t<\/div>\n\t\t<div class=\"elementor-element elementor-element-4ea8176 e-flex e-con-boxed e-con e-parent\" data-id=\"4ea8176\" data-element_type=\"container\" data-settings=\"{&quot;background_background&quot;:&quot;classic&quot;}\">\n\t\t\t\t\t<div class=\"e-con-inner\">\n\t\t\t\t<div class=\"elementor-element elementor-element-8b35faa elementor-invisible elementor-widget elementor-widget-heading\" data-id=\"8b35faa\" data-element_type=\"widget\" data-settings=\"{&quot;_animation&quot;:&quot;fadeIn&quot;,&quot;_animation_delay&quot;:200,&quot;_animation_mobile&quot;:&quot;none&quot;}\" data-widget_type=\"heading.default\">\n\t\t\t\t<div class=\"elementor-widget-container\">\n\t\t\t\t\t<h2 class=\"elementor-heading-title elementor-size-default\">Hogyan n\u00e9z ki a gyakorlatban a folyamat?<\/h2>\t\t\t\t<\/div>\n\t\t\t\t<\/div>\n\t\t\t\t\t<\/div>\n\t\t\t\t<\/div>\n\t\t<div class=\"elementor-element elementor-element-465e6a6 elementor-hidden-tablet elementor-hidden-mobile e-flex e-con-boxed e-con e-parent\" data-id=\"465e6a6\" data-element_type=\"container\">\n\t\t\t\t\t<div class=\"e-con-inner\">\n\t\t<div class=\"elementor-element elementor-element-2c88ade e-con-full e-flex e-con e-child\" data-id=\"2c88ade\" data-element_type=\"container\">\n\t\t\t\t<div class=\"elementor-element elementor-element-f15e6c7 elementor-widget elementor-widget-heading\" data-id=\"f15e6c7\" data-element_type=\"widget\" data-widget_type=\"heading.default\">\n\t\t\t\t<div class=\"elementor-widget-container\">\n\t\t\t\t\t<h2 class=\"elementor-heading-title elementor-size-default\">A<\/h2>\t\t\t\t<\/div>\n\t\t\t\t<\/div>\n\t\t\t\t<div class=\"elementor-element elementor-element-b8b5cf6 elementor-widget elementor-widget-heading\" data-id=\"b8b5cf6\" data-element_type=\"widget\" data-widget_type=\"heading.default\">\n\t\t\t\t<div class=\"elementor-widget-container\">\n\t\t\t\t\t<h2 class=\"elementor-heading-title elementor-size-default\">Amennyiben \u00d6n tudja, hogy pontosan mit szeretne:<\/h2>\t\t\t\t<\/div>\n\t\t\t\t<\/div>\n\t\t\t\t<\/div>\n\t\t<div class=\"elementor-element elementor-element-cd5f6d4 e-con-full e-flex e-con e-child\" data-id=\"cd5f6d4\" data-element_type=\"container\">\n\t\t\t\t<div class=\"elementor-element elementor-element-bb81ca2 elementor-widget elementor-widget-heading\" data-id=\"bb81ca2\" data-element_type=\"widget\" data-widget_type=\"heading.default\">\n\t\t\t\t<div class=\"elementor-widget-container\">\n\t\t\t\t\t<h2 class=\"elementor-heading-title elementor-size-default\">B<\/h2>\t\t\t\t<\/div>\n\t\t\t\t<\/div>\n\t\t\t\t<div class=\"elementor-element elementor-element-daab51e elementor-widget elementor-widget-heading\" data-id=\"daab51e\" data-element_type=\"widget\" data-widget_type=\"heading.default\">\n\t\t\t\t<div class=\"elementor-widget-container\">\n\t\t\t\t\t<h2 class=\"elementor-heading-title elementor-size-default\">Amennyiben nem biztos benne, hogy mit szeretne, csak azt tudja, hogy szeretn\u00e9 mag\u00e1t \u00e9s vagyont\u00e1rgyait nagyobb\/maxim\u00e1lis biztons\u00e1gban tudni:<\/h2>\t\t\t\t<\/div>\n\t\t\t\t<\/div>\n\t\t\t\t<\/div>\n\t\t\t\t\t<\/div>\n\t\t\t\t<\/div>\n\t\t<div class=\"elementor-element elementor-element-f9dfe4d elementor-hidden-desktop e-flex e-con-boxed e-con e-parent\" data-id=\"f9dfe4d\" data-element_type=\"container\">\n\t\t\t\t\t<div class=\"e-con-inner\">\n\t\t<div class=\"elementor-element elementor-element-2322b53 e-con-full e-flex e-con e-child\" data-id=\"2322b53\" data-element_type=\"container\">\n\t\t\t\t<div class=\"elementor-element elementor-element-55550d1 elementor-widget elementor-widget-heading\" data-id=\"55550d1\" data-element_type=\"widget\" data-widget_type=\"heading.default\">\n\t\t\t\t<div class=\"elementor-widget-container\">\n\t\t\t\t\t<h2 class=\"elementor-heading-title elementor-size-default\">A<\/h2>\t\t\t\t<\/div>\n\t\t\t\t<\/div>\n\t\t\t\t<div class=\"elementor-element elementor-element-576c3e4 elementor-widget elementor-widget-heading\" data-id=\"576c3e4\" data-element_type=\"widget\" data-widget_type=\"heading.default\">\n\t\t\t\t<div class=\"elementor-widget-container\">\n\t\t\t\t\t<h2 class=\"elementor-heading-title elementor-size-default\">Amennyiben \u00d6n tudja, hogy pontosan mit szeretne:<\/h2>\t\t\t\t<\/div>\n\t\t\t\t<\/div>\n\t\t<div class=\"elementor-element elementor-element-aca22ec e-con-full e-flex elementor-invisible e-con e-child\" data-id=\"aca22ec\" data-element_type=\"container\" data-settings=\"{&quot;animation&quot;:&quot;fadeInLeft&quot;,&quot;animation_delay&quot;:200,&quot;animation_mobile&quot;:&quot;none&quot;}\">\n\t\t\t\t<div class=\"elementor-element elementor-element-3511a47 elementor-widget elementor-widget-text-editor\" data-id=\"3511a47\" data-element_type=\"widget\" data-widget_type=\"text-editor.default\">\n\t\t\t\t<div class=\"elementor-widget-container\">\n\t\t\t\t\t\t\t\t\t<ul><li>Az aj\u00e1nlatk\u00e9r\u00e9st k\u00f6vet\u0151en koll\u00e9g\u00e1nk felveszi \u00f6nnel a kapcsolatot e-mailen\/telefonon az esetleges tiszt\u00e1zand\u00f3 k\u00e9rd\u00e9sek egyeztet\u00e9se c\u00e9lj\u00e1b\u00f3l;<\/li><li>Megkeres\u00e9st\u0151l sz\u00e1m\u00edtott n\u00e9h\u00e1ny napon bel\u00fcl koll\u00e9g\u00e1nk kimegy \u00d6nh\u00f6z a helysz\u00edni felm\u00e9r\u00e9s elv\u00e9gezni, a sz\u00fcks\u00e9ges r\u00e9szleteket egyeztetni\/pontos\u00edtani;<\/li><li>Hivatalos, az el\u0151zetes szem\u00e9lyes egyeztet\u00e9snek megfelel\u0151en elk\u00fcldi a v\u00e9gleges aj\u00e1nlatot, melynek elfogad\u00e1s\u00e1t k\u00f6vet\u0151en;<\/li><li>Egyezteti \u00d6nnel a munka elv\u00e9gz\u00e9s\u00e9nek d\u00e1tum\u00e1t, hossz\u00e1t;<\/li><li>Elv\u00e9gzi a munk\u00e1t.<\/li><\/ul>\t\t\t\t\t\t\t\t<\/div>\n\t\t\t\t<\/div>\n\t\t\t\t<div class=\"elementor-element elementor-element-1c831f0 elementor-widget elementor-widget-spacer\" data-id=\"1c831f0\" data-element_type=\"widget\" data-widget_type=\"spacer.default\">\n\t\t\t\t<div class=\"elementor-widget-container\">\n\t\t\t\t\t\t\t<div class=\"elementor-spacer\">\n\t\t\t<div class=\"elementor-spacer-inner\"><\/div>\n\t\t<\/div>\n\t\t\t\t\t\t<\/div>\n\t\t\t\t<\/div>\n\t\t\t\t<\/div>\n\t\t\t\t<\/div>\n\t\t\t\t\t<\/div>\n\t\t\t\t<\/div>\n\t\t<div class=\"elementor-element elementor-element-6f17421 elementor-hidden-desktop e-flex e-con-boxed e-con e-parent\" data-id=\"6f17421\" data-element_type=\"container\">\n\t\t\t\t\t<div class=\"e-con-inner\">\n\t\t<div class=\"elementor-element elementor-element-472c130 e-con-full e-flex e-con e-child\" data-id=\"472c130\" data-element_type=\"container\">\n\t\t\t\t<div class=\"elementor-element elementor-element-c544d28 elementor-widget elementor-widget-heading\" data-id=\"c544d28\" data-element_type=\"widget\" data-widget_type=\"heading.default\">\n\t\t\t\t<div class=\"elementor-widget-container\">\n\t\t\t\t\t<h2 class=\"elementor-heading-title elementor-size-default\">B<\/h2>\t\t\t\t<\/div>\n\t\t\t\t<\/div>\n\t\t\t\t<div class=\"elementor-element elementor-element-a7dd684 elementor-widget elementor-widget-heading\" data-id=\"a7dd684\" data-element_type=\"widget\" data-widget_type=\"heading.default\">\n\t\t\t\t<div class=\"elementor-widget-container\">\n\t\t\t\t\t<h2 class=\"elementor-heading-title elementor-size-default\">Amennyiben nem biztos benne, hogy mit szeretne, csak azt tudja, hogy szeretn\u00e9 mag\u00e1t \u00e9s vagyont\u00e1rgyait nagyobb\/maxim\u00e1lis biztons\u00e1gban tudni:<\/h2>\t\t\t\t<\/div>\n\t\t\t\t<\/div>\n\t\t\t\t<\/div>\n\t\t\t\t\t<\/div>\n\t\t\t\t<\/div>\n\t\t<div class=\"elementor-element elementor-element-f7576e8 elementor-hidden-mobile e-flex e-con-boxed e-con e-parent\" data-id=\"f7576e8\" data-element_type=\"container\">\n\t\t\t\t\t<div class=\"e-con-inner\">\n\t\t<div class=\"elementor-element elementor-element-a6a3f56 e-con-full e-flex e-con e-child\" data-id=\"a6a3f56\" data-element_type=\"container\">\n\t\t\t\t<div class=\"elementor-element elementor-element-a113110 elementor-widget-divider--view-line elementor-widget elementor-widget-divider\" data-id=\"a113110\" data-element_type=\"widget\" data-widget_type=\"divider.default\">\n\t\t\t\t<div class=\"elementor-widget-container\">\n\t\t\t\t\t\t\t<div class=\"elementor-divider\">\n\t\t\t<span class=\"elementor-divider-separator\">\n\t\t\t\t\t\t<\/span>\n\t\t<\/div>\n\t\t\t\t\t\t<\/div>\n\t\t\t\t<\/div>\n\t\t\t\t<\/div>\n\t\t<div class=\"elementor-element elementor-element-b6fee5c e-con-full e-flex e-con e-child\" data-id=\"b6fee5c\" data-element_type=\"container\">\n\t\t\t\t<div class=\"elementor-element elementor-element-93e11bd elementor-widget-divider--view-line elementor-widget elementor-widget-divider\" data-id=\"93e11bd\" data-element_type=\"widget\" data-widget_type=\"divider.default\">\n\t\t\t\t<div class=\"elementor-widget-container\">\n\t\t\t\t\t\t\t<div class=\"elementor-divider\">\n\t\t\t<span class=\"elementor-divider-separator\">\n\t\t\t\t\t\t<\/span>\n\t\t<\/div>\n\t\t\t\t\t\t<\/div>\n\t\t\t\t<\/div>\n\t\t\t\t<\/div>\n\t\t\t\t\t<\/div>\n\t\t\t\t<\/div>\n\t\t<div class=\"elementor-element elementor-element-986777a elementor-hidden-tablet elementor-hidden-mobile e-flex e-con-boxed e-con e-parent\" data-id=\"986777a\" data-element_type=\"container\" data-settings=\"{&quot;background_background&quot;:&quot;classic&quot;}\">\n\t\t\t\t\t<div class=\"e-con-inner\">\n\t\t<div class=\"elementor-element elementor-element-88ab860 e-con-full e-flex elementor-invisible e-con e-child\" data-id=\"88ab860\" data-element_type=\"container\" data-settings=\"{&quot;animation&quot;:&quot;fadeInLeft&quot;,&quot;animation_delay&quot;:200,&quot;animation_mobile&quot;:&quot;none&quot;}\">\n\t\t\t\t<div class=\"elementor-element elementor-element-39da285 elementor-widget elementor-widget-text-editor\" data-id=\"39da285\" data-element_type=\"widget\" data-widget_type=\"text-editor.default\">\n\t\t\t\t<div class=\"elementor-widget-container\">\n\t\t\t\t\t\t\t\t\t<ul><li>Az aj\u00e1nlatk\u00e9r\u00e9st k\u00f6vet\u0151en koll\u00e9g\u00e1nk felveszi \u00f6nnel a kapcsolatot e-mailen\/telefonon az esetleges tiszt\u00e1zand\u00f3 k\u00e9rd\u00e9sek egyeztet\u00e9se c\u00e9lj\u00e1b\u00f3l;<\/li><li>Megkeres\u00e9st\u0151l sz\u00e1m\u00edtott n\u00e9h\u00e1ny napon bel\u00fcl koll\u00e9g\u00e1nk kimegy \u00d6nh\u00f6z a helysz\u00edni felm\u00e9r\u00e9s elv\u00e9gezni, a sz\u00fcks\u00e9ges r\u00e9szleteket egyeztetni\/pontos\u00edtani;<\/li><li>Hivatalos, az el\u0151zetes szem\u00e9lyes egyeztet\u00e9snek megfelel\u0151en elk\u00fcldi a v\u00e9gleges aj\u00e1nlatot, melynek elfogad\u00e1s\u00e1t k\u00f6vet\u0151en;<\/li><li>Egyezteti \u00d6nnel a munka elv\u00e9gz\u00e9s\u00e9nek d\u00e1tum\u00e1t, hossz\u00e1t;<\/li><li>Elv\u00e9gzi a munk\u00e1t.<\/li><\/ul>\t\t\t\t\t\t\t\t<\/div>\n\t\t\t\t<\/div>\n\t\t\t\t<div class=\"elementor-element elementor-element-ac63f93 elementor-widget elementor-widget-spacer\" data-id=\"ac63f93\" data-element_type=\"widget\" data-widget_type=\"spacer.default\">\n\t\t\t\t<div class=\"elementor-widget-container\">\n\t\t\t\t\t\t\t<div class=\"elementor-spacer\">\n\t\t\t<div class=\"elementor-spacer-inner\"><\/div>\n\t\t<\/div>\n\t\t\t\t\t\t<\/div>\n\t\t\t\t<\/div>\n\t\t\t\t<\/div>\n\t\t<div class=\"elementor-element elementor-element-c4a65ed e-con-full e-flex elementor-invisible e-con e-child\" data-id=\"c4a65ed\" data-element_type=\"container\" data-settings=\"{&quot;animation&quot;:&quot;fadeInRight&quot;,&quot;animation_delay&quot;:200,&quot;animation_mobile&quot;:&quot;none&quot;}\">\n\t\t\t\t<div class=\"elementor-element elementor-element-ba198be elementor-widget elementor-widget-text-editor\" data-id=\"ba198be\" data-element_type=\"widget\" data-widget_type=\"text-editor.default\">\n\t\t\t\t<div class=\"elementor-widget-container\">\n\t\t\t\t\t\t\t\t\t<ul><li>Vegye fel vel\u00fcnk a kapcsolatot az el\u00e9rhet\u0151s\u00e9geink egyik\u00e9n \u00e9s mi seg\u00edt\u00fcnk \u00d6nnek.<\/li><\/ul>\t\t\t\t\t\t\t\t<\/div>\n\t\t\t\t<\/div>\n\t\t\t\t<\/div>\n\t\t\t\t\t<\/div>\n\t\t\t\t<\/div>\n\t\t<div class=\"elementor-element elementor-element-cf161c0 elementor-hidden-desktop e-flex e-con-boxed e-con e-parent\" data-id=\"cf161c0\" data-element_type=\"container\" data-settings=\"{&quot;background_background&quot;:&quot;classic&quot;}\">\n\t\t\t\t\t<div class=\"e-con-inner\">\n\t\t<div class=\"elementor-element elementor-element-1eff865 e-con-full e-flex elementor-invisible e-con e-child\" data-id=\"1eff865\" data-element_type=\"container\" data-settings=\"{&quot;animation&quot;:&quot;fadeInLeft&quot;,&quot;animation_delay&quot;:200,&quot;animation_mobile&quot;:&quot;none&quot;}\">\n\t\t\t\t<div class=\"elementor-element elementor-element-86d5e37 elementor-widget elementor-widget-spacer\" data-id=\"86d5e37\" data-element_type=\"widget\" data-widget_type=\"spacer.default\">\n\t\t\t\t<div class=\"elementor-widget-container\">\n\t\t\t\t\t\t\t<div class=\"elementor-spacer\">\n\t\t\t<div class=\"elementor-spacer-inner\"><\/div>\n\t\t<\/div>\n\t\t\t\t\t\t<\/div>\n\t\t\t\t<\/div>\n\t\t\t\t<\/div>\n\t\t<div class=\"elementor-element elementor-element-6a60759 e-con-full e-flex elementor-invisible e-con e-child\" data-id=\"6a60759\" data-element_type=\"container\" data-settings=\"{&quot;animation&quot;:&quot;fadeInRight&quot;,&quot;animation_delay&quot;:200,&quot;animation_mobile&quot;:&quot;none&quot;}\">\n\t\t\t\t<div class=\"elementor-element elementor-element-36d1bbb elementor-widget elementor-widget-text-editor\" data-id=\"36d1bbb\" data-element_type=\"widget\" data-widget_type=\"text-editor.default\">\n\t\t\t\t<div class=\"elementor-widget-container\">\n\t\t\t\t\t\t\t\t\t<ul><li>Vegye fel vel\u00fcnk a kapcsolatot az el\u00e9rhet\u0151s\u00e9geink egyik\u00e9n \u00e9s mi seg\u00edt\u00fcnk \u00d6nnek.<\/li><\/ul>\t\t\t\t\t\t\t\t<\/div>\n\t\t\t\t<\/div>\n\t\t\t\t<\/div>\n\t\t\t\t\t<\/div>\n\t\t\t\t<\/div>\n\t\t\t\t<\/div>\n\t\t","protected":false},"excerpt":{"rendered":"<p>IG\u00c9NYFELM\u00c9R\u00c9S \u00c9S FOLYAMAT ISMERTET\u00c9SE Ugyan\u00fagy, ahogy a fodr\u00e1szn\u00e1l, a fogorvosn\u00e1l, az aut\u00f3szerel\u0151n\u00e9l, vagy b\u00e1rhol, ahol fizet\u00fcnk egy szolg\u00e1ltat\u00e1s\u00e9rt, szeretj\u00fck el\u0151re tudni, hogy: Mik a lehet\u0151s\u00e9geink? Mennyibe ker\u00fclnek az egyes lehet\u0151s\u00e9gek? Mi ker\u00fcl felszerel\u00e9sre hozz\u00e1nk? Mi\u00e9rt \u00e9pp az a szerkezet? Hogyan n\u00e9z ki a munkafolyamat? Mennyi id\u0151t vesz ig\u00e9nybe a folyamat? Hova ker\u00fclnek a l\u00e1that\u00f3 elemek? [&hellip;]<\/p>\n","protected":false},"author":1,"featured_media":0,"parent":0,"menu_order":0,"comment_status":"closed","ping_status":"closed","template":"","meta":{"footnotes":""},"class_list":["post-53","page","type-page","status-publish","hentry"],"aioseo_notices":[],"jetpack-related-posts":[],"jetpack_sharing_enabled":true,"_links":{"self":[{"href":"https:\/\/max-ved.hu\/index.php\/wp-json\/wp\/v2\/pages\/53","targetHints":{"allow":["GET"]}}],"collection":[{"href":"https:\/\/max-ved.hu\/index.php\/wp-json\/wp\/v2\/pages"}],"about":[{"href":"https:\/\/max-ved.hu\/index.php\/wp-json\/wp\/v2\/types\/page"}],"author":[{"embeddable":true,"href":"https:\/\/max-ved.hu\/index.php\/wp-json\/wp\/v2\/users\/1"}],"replies":[{"embeddable":true,"href":"https:\/\/max-ved.hu\/index.php\/wp-json\/wp\/v2\/comments?post=53"}],"version-history":[{"count":45,"href":"https:\/\/max-ved.hu\/index.php\/wp-json\/wp\/v2\/pages\/53\/revisions"}],"predecessor-version":[{"id":570,"href":"https:\/\/max-ved.hu\/index.php\/wp-json\/wp\/v2\/pages\/53\/revisions\/570"}],"wp:attachment":[{"href":"https:\/\/max-ved.hu\/index.php\/wp-json\/wp\/v2\/media?parent=53"}],"curies":[{"name":"wp","href":"https:\/\/api.w.org\/{rel}","templated":true}]}}