{"id":75,"date":"2023-11-08T19:59:16","date_gmt":"2023-11-08T19:59:16","guid":{"rendered":"https:\/\/max-ved.hu\/?page_id=75"},"modified":"2023-11-14T19:17:05","modified_gmt":"2023-11-14T19:17:05","slug":"belepteto-rendszerek","status":"publish","type":"page","link":"https:\/\/max-ved.hu\/index.php\/belepteto-rendszerek\/","title":{"rendered":"Bel\u00e9ptet\u0151 rendszerek"},"content":{"rendered":"\t\t<div data-elementor-type=\"wp-page\" data-elementor-id=\"75\" class=\"elementor elementor-75\" data-elementor-post-type=\"page\">\n\t\t\t\t<div class=\"elementor-element elementor-element-4c630f4 e-flex e-con-boxed e-con e-parent\" data-id=\"4c630f4\" data-element_type=\"container\" data-settings=\"{&quot;background_background&quot;:&quot;classic&quot;}\">\n\t\t\t\t\t<div class=\"e-con-inner\">\n\t\t\t\t<div class=\"elementor-element elementor-element-c0cc470 elementor-widget elementor-widget-heading\" data-id=\"c0cc470\" data-element_type=\"widget\" data-widget_type=\"heading.default\">\n\t\t\t\t<div class=\"elementor-widget-container\">\n\t\t\t\t\t<h2 class=\"elementor-heading-title elementor-size-default\">BEL\u00c9PTET\u0150 RENDSZEREK<\/h2>\t\t\t\t<\/div>\n\t\t\t\t<\/div>\n\t\t\t\t\t<\/div>\n\t\t\t\t<\/div>\n\t\t<div class=\"elementor-element elementor-element-cea2afb e-flex e-con-boxed elementor-invisible e-con e-parent\" data-id=\"cea2afb\" data-element_type=\"container\" data-settings=\"{&quot;animation&quot;:&quot;fadeIn&quot;,&quot;animation_mobile&quot;:&quot;none&quot;}\">\n\t\t\t\t\t<div class=\"e-con-inner\">\n\t\t\t\t<div class=\"elementor-element elementor-element-496ad33 elementor-widget elementor-widget-heading\" data-id=\"496ad33\" data-element_type=\"widget\" data-widget_type=\"heading.default\">\n\t\t\t\t<div class=\"elementor-widget-container\">\n\t\t\t\t\t<h2 class=\"elementor-heading-title elementor-size-default\">A bel\u00e9ptet\u0151 rendszerek c\u00e9lja a hozz\u00e1f\u00e9r\u00e9s ellen\u0151rz\u00e9se v\u00e9dett ter\u00fcleteken, \u00e9p\u00fcletekben vagy rendszerek eset\u00e9n. Ezek a rendszerek lehet\u0151v\u00e9 teszik, hogy csak az enged\u00e9lyezett szem\u00e9lyek vagy j\u00e1rm\u0171vek\nl\u00e9phessenek be egy adott helyre vagy ter\u00fcletre.<\/h2>\t\t\t\t<\/div>\n\t\t\t\t<\/div>\n\t\t\t\t\t<\/div>\n\t\t\t\t<\/div>\n\t\t<div class=\"elementor-element elementor-element-088619b e-flex e-con-boxed e-con e-parent\" data-id=\"088619b\" data-element_type=\"container\">\n\t\t\t\t\t<div class=\"e-con-inner\">\n\t\t<div class=\"elementor-element elementor-element-0a011ac e-con-full e-flex elementor-invisible e-con e-child\" data-id=\"0a011ac\" data-element_type=\"container\" data-settings=\"{&quot;animation&quot;:&quot;fadeInLeft&quot;,&quot;animation_delay&quot;:100,&quot;animation_mobile&quot;:&quot;none&quot;}\">\n\t\t\t\t<div class=\"elementor-element elementor-element-e9b9cc1 elementor-widget elementor-widget-image\" data-id=\"e9b9cc1\" data-element_type=\"widget\" data-widget_type=\"image.default\">\n\t\t\t\t<div class=\"elementor-widget-container\">\n\t\t\t\t\t\t\t\t\t\t\t\t\t\t\t<img fetchpriority=\"high\" decoding=\"async\" width=\"2560\" height=\"1707\" src=\"https:\/\/i0.wp.com\/max-ved.hu\/wp-content\/uploads\/2023\/11\/sebastian-scholz-nuki-IJkSskfEqrM-unsplash-1-scaled.jpg?fit=2560%2C1707&amp;ssl=1\" class=\"attachment-full size-full wp-image-76\" alt=\"\" srcset=\"https:\/\/i0.wp.com\/max-ved.hu\/wp-content\/uploads\/2023\/11\/sebastian-scholz-nuki-IJkSskfEqrM-unsplash-1-scaled.jpg?w=2560&amp;ssl=1 2560w, https:\/\/i0.wp.com\/max-ved.hu\/wp-content\/uploads\/2023\/11\/sebastian-scholz-nuki-IJkSskfEqrM-unsplash-1-scaled.jpg?resize=300%2C200&amp;ssl=1 300w, https:\/\/i0.wp.com\/max-ved.hu\/wp-content\/uploads\/2023\/11\/sebastian-scholz-nuki-IJkSskfEqrM-unsplash-1-scaled.jpg?resize=1024%2C683&amp;ssl=1 1024w, https:\/\/i0.wp.com\/max-ved.hu\/wp-content\/uploads\/2023\/11\/sebastian-scholz-nuki-IJkSskfEqrM-unsplash-1-scaled.jpg?resize=768%2C512&amp;ssl=1 768w, https:\/\/i0.wp.com\/max-ved.hu\/wp-content\/uploads\/2023\/11\/sebastian-scholz-nuki-IJkSskfEqrM-unsplash-1-scaled.jpg?resize=1536%2C1024&amp;ssl=1 1536w, https:\/\/i0.wp.com\/max-ved.hu\/wp-content\/uploads\/2023\/11\/sebastian-scholz-nuki-IJkSskfEqrM-unsplash-1-scaled.jpg?resize=2048%2C1365&amp;ssl=1 2048w, https:\/\/i0.wp.com\/max-ved.hu\/wp-content\/uploads\/2023\/11\/sebastian-scholz-nuki-IJkSskfEqrM-unsplash-1-scaled.jpg?w=1600&amp;ssl=1 1600w, https:\/\/i0.wp.com\/max-ved.hu\/wp-content\/uploads\/2023\/11\/sebastian-scholz-nuki-IJkSskfEqrM-unsplash-1-scaled.jpg?w=2400&amp;ssl=1 2400w\" sizes=\"(max-width: 800px) 100vw, 800px\" \/>\t\t\t\t\t\t\t\t\t\t\t\t\t\t\t<\/div>\n\t\t\t\t<\/div>\n\t\t\t\t<\/div>\n\t\t<div class=\"elementor-element elementor-element-29297c5 e-con-full e-flex elementor-invisible e-con e-child\" data-id=\"29297c5\" data-element_type=\"container\" data-settings=\"{&quot;animation&quot;:&quot;fadeInRight&quot;,&quot;animation_delay&quot;:100,&quot;animation_mobile&quot;:&quot;none&quot;}\">\n\t\t\t\t<div class=\"elementor-element elementor-element-eae5f3f elementor-widget elementor-widget-heading\" data-id=\"eae5f3f\" data-element_type=\"widget\" data-widget_type=\"heading.default\">\n\t\t\t\t<div class=\"elementor-widget-container\">\n\t\t\t\t\t<h2 class=\"elementor-heading-title elementor-size-default\">Koll\u00e9g\u00e1ink komplex szolg\u00e1ltat\u00e1st ny\u00fajtanak ezen a ter\u00fcleten a:<\/h2>\t\t\t\t<\/div>\n\t\t\t\t<\/div>\n\t\t\t\t<div class=\"elementor-element elementor-element-cf0d56c elementor-widget elementor-widget-text-editor\" data-id=\"cf0d56c\" data-element_type=\"widget\" data-widget_type=\"text-editor.default\">\n\t\t\t\t<div class=\"elementor-widget-container\">\n\t\t\t\t\t\t\t\t\t<ul><li>Bel\u00e9ptet\u0151 rendszerek tervez\u00e9s\u00e9vel<\/li><li>Telep\u00edt\u00e9s\u00e9vel<\/li><li>Karbantart\u00e1s\u00e1vaJav\u00edt\u00e1s\u00e1val<\/li><\/ul>\t\t\t\t\t\t\t\t<\/div>\n\t\t\t\t<\/div>\n\t\t\t\t<div class=\"elementor-element elementor-element-d7b69b0 elementor-widget-divider--view-line elementor-widget elementor-widget-divider\" data-id=\"d7b69b0\" data-element_type=\"widget\" data-widget_type=\"divider.default\">\n\t\t\t\t<div class=\"elementor-widget-container\">\n\t\t\t\t\t\t\t<div class=\"elementor-divider\">\n\t\t\t<span class=\"elementor-divider-separator\">\n\t\t\t\t\t\t<\/span>\n\t\t<\/div>\n\t\t\t\t\t\t<\/div>\n\t\t\t\t<\/div>\n\t\t\t\t<div class=\"elementor-element elementor-element-96c86b7 elementor-widget elementor-widget-text-editor\" data-id=\"96c86b7\" data-element_type=\"widget\" data-widget_type=\"text-editor.default\">\n\t\t\t\t<div class=\"elementor-widget-container\">\n\t\t\t\t\t\t\t\t\t<p>Haszn\u00e1lhatjuk online, ahol a rendszer t\u00e1rol minden adatot \u00e9s offline \u00fczemm\u00f3dban, ahol nem ker\u00fcl r\u00f6gz\u00edt\u00e9sre a bel\u00e9p\u00e9s ideje.<\/p>\t\t\t\t\t\t\t\t<\/div>\n\t\t\t\t<\/div>\n\t\t\t\t<\/div>\n\t\t<div class=\"elementor-element elementor-element-fcf3b9b e-con-full e-flex elementor-invisible e-con e-child\" data-id=\"fcf3b9b\" data-element_type=\"container\" data-settings=\"{&quot;animation&quot;:&quot;fadeInLeft&quot;,&quot;animation_delay&quot;:200}\">\n\t\t\t\t<div class=\"elementor-element elementor-element-88358b0 elementor-widget elementor-widget-heading\" data-id=\"88358b0\" data-element_type=\"widget\" data-widget_type=\"heading.default\">\n\t\t\t\t<div class=\"elementor-widget-container\">\n\t\t\t\t\t<h2 class=\"elementor-heading-title elementor-size-default\">Hozz\u00e1f\u00e9r\u00e9si pontok lehetnek:<\/h2>\t\t\t\t<\/div>\n\t\t\t\t<\/div>\n\t\t\t\t<div class=\"elementor-element elementor-element-d7e8c62 elementor-widget elementor-widget-text-editor\" data-id=\"d7e8c62\" data-element_type=\"widget\" data-widget_type=\"text-editor.default\">\n\t\t\t\t<div class=\"elementor-widget-container\">\n\t\t\t\t\t\t\t\t\t<ul><li>Kapuk<\/li><li>Ajt\u00f3k<\/li><li>Soromp\u00f3k<\/li><li>Olyan fizikai pontok, melyeken emberek vagy j\u00e1rm\u0171vek be- vagy kil\u00e9pnek<\/li><\/ul>\t\t\t\t\t\t\t\t<\/div>\n\t\t\t\t<\/div>\n\t\t\t\t<div class=\"elementor-element elementor-element-e133272 elementor-widget elementor-widget-heading\" data-id=\"e133272\" data-element_type=\"widget\" data-widget_type=\"heading.default\">\n\t\t\t\t<div class=\"elementor-widget-container\">\n\t\t\t\t\t<h2 class=\"elementor-heading-title elementor-size-default\">Alkalmaz\u00e1si ter\u00fclet:<\/h2>\t\t\t\t<\/div>\n\t\t\t\t<\/div>\n\t\t\t\t<div class=\"elementor-element elementor-element-78a8c3d elementor-widget elementor-widget-text-editor\" data-id=\"78a8c3d\" data-element_type=\"widget\" data-widget_type=\"text-editor.default\">\n\t\t\t\t<div class=\"elementor-widget-container\">\n\t\t\t\t\t\t\t\t\t<ul><li>V\u00e1llalati k\u00f6rnyezet<\/li><li>Gar\u00e1zsok, parkol\u00f3k<\/li><li>K\u00f6zint\u00e9zm\u00e9nyek<\/li><li>Lakoss\u00e1gi ingatlanok<\/li><\/ul>\t\t\t\t\t\t\t\t<\/div>\n\t\t\t\t<\/div>\n\t\t\t\t<div class=\"elementor-element elementor-element-f7b1b2b elementor-widget-divider--view-line elementor-widget elementor-widget-divider\" data-id=\"f7b1b2b\" data-element_type=\"widget\" data-widget_type=\"divider.default\">\n\t\t\t\t<div class=\"elementor-widget-container\">\n\t\t\t\t\t\t\t<div class=\"elementor-divider\">\n\t\t\t<span class=\"elementor-divider-separator\">\n\t\t\t\t\t\t<\/span>\n\t\t<\/div>\n\t\t\t\t\t\t<\/div>\n\t\t\t\t<\/div>\n\t\t\t\t<div class=\"elementor-element elementor-element-4d1c249 elementor-widget elementor-widget-text-editor\" data-id=\"4d1c249\" data-element_type=\"widget\" data-widget_type=\"text-editor.default\">\n\t\t\t\t<div class=\"elementor-widget-container\">\n\t\t\t\t\t\t\t\t\t<p>A bel\u00e9ptet\u0151rendszerek haszn\u00e1lat\u00e1val az enged\u00e9lyezett szem\u00e9lyek \u00e9s\/vagy j\u00e1rm\u0171vek bel\u00e9p\u0151k\u00e1rtya, PIN-k\u00f3d, ujjlenyomat, biometrikus azonos\u00edt\u00e1s\u00e1val k\u00f6zlekedhetnek a v\u00e9dett ter\u00fcleten. A mozg\u00e1st az ir\u00e1ny\u00edt\u00f3 egys\u00e9g a bel\u00e9ptet\u0151 rendszer k\u00f6zponti r\u00e9sze kezeli. Az ir\u00e1ny\u00edt\u00f3 egys\u00e9g d\u00f6nt\u00e9seket hoz \u00e9s ellen\u0151rzi a hozz\u00e1f\u00e9r\u00e9si pontokat az enged\u00e9lyezett felhaszn\u00e1l\u00f3k sz\u00e1m\u00e1ra.<\/p>\t\t\t\t\t\t\t\t<\/div>\n\t\t\t\t<\/div>\n\t\t\t\t<\/div>\n\t\t<div class=\"elementor-element elementor-element-e9c7267 e-con-full e-flex elementor-invisible e-con e-child\" data-id=\"e9c7267\" data-element_type=\"container\" data-settings=\"{&quot;animation&quot;:&quot;fadeInRight&quot;,&quot;animation_delay&quot;:200,&quot;animation_mobile&quot;:&quot;none&quot;}\">\n\t\t\t\t<div class=\"elementor-element elementor-element-50f82de elementor-widget elementor-widget-image\" data-id=\"50f82de\" data-element_type=\"widget\" data-widget_type=\"image.default\">\n\t\t\t\t<div class=\"elementor-widget-container\">\n\t\t\t\t\t\t\t\t\t\t\t\t\t\t\t<img decoding=\"async\" src=\"https:\/\/i0.wp.com\/max-ved.hu\/wp-content\/uploads\/2023\/11\/intercom-main-gate-residential-building.jpg?fit=%2C&amp;ssl=1\" class=\"attachment-full size-full wp-image-107\" alt=\"\" \/>\t\t\t\t\t\t\t\t\t\t\t\t\t\t\t<\/div>\n\t\t\t\t<\/div>\n\t\t\t\t<\/div>\n\t\t\t\t\t<\/div>\n\t\t\t\t<\/div>\n\t\t<div class=\"elementor-element elementor-element-c4b5d30 e-flex e-con-boxed elementor-invisible e-con e-parent\" data-id=\"c4b5d30\" data-element_type=\"container\" data-settings=\"{&quot;animation&quot;:&quot;fadeIn&quot;,&quot;animation_delay&quot;:200,&quot;animation_mobile&quot;:&quot;none&quot;}\">\n\t\t\t\t\t<div class=\"e-con-inner\">\n\t\t\t\t<div class=\"elementor-element elementor-element-6630ac4 elementor-widget elementor-widget-heading\" data-id=\"6630ac4\" data-element_type=\"widget\" data-widget_type=\"heading.default\">\n\t\t\t\t<div class=\"elementor-widget-container\">\n\t\t\t\t\t<h2 class=\"elementor-heading-title elementor-size-default\">Funkci\u00f3ja tekintet\u00e9ben<\/h2>\t\t\t\t<\/div>\n\t\t\t\t<\/div>\n\t\t\t\t<div class=\"elementor-element elementor-element-6448180 elementor-widget elementor-widget-text-editor\" data-id=\"6448180\" data-element_type=\"widget\" data-widget_type=\"text-editor.default\">\n\t\t\t\t<div class=\"elementor-widget-container\">\n\t\t\t\t\t\t\t\t\t<ul><li>Hat\u00e9kony \u00e9s biztons\u00e1gos nyomon k\u00f6vet\u00e9st tesz lehet\u0151v\u00e9 a r\u00f6gz\u00edtett hozz\u00e1f\u00e9r\u00e9sek, mozg\u00e1sok dokument\u00e1l\u00e1s\u00e1val<\/li><li>A rendszerek rugalmasan testre szabhat\u00f3k, pl. lehet\u0151v\u00e9 t\u00e9ve az id\u0151z\u00edtett hozz\u00e1f\u00e9r\u00e9seket<\/li><li>Automatiz\u00e1lhat\u00f3k, mely lehet\u0151v\u00e9 teszi a bel\u00e9p\u0151k automatikus felismer\u00e9s\u00e9t \u00e9s minim\u00e1lis manu\u00e1lis beavatkoz\u00e1st ig\u00e9nyel<\/li><\/ul>\t\t\t\t\t\t\t\t<\/div>\n\t\t\t\t<\/div>\n\t\t\t\t\t<\/div>\n\t\t\t\t<\/div>\n\t\t<div class=\"elementor-element elementor-element-f04b6ef e-flex e-con-boxed e-con e-parent\" data-id=\"f04b6ef\" data-element_type=\"container\">\n\t\t\t\t\t<div class=\"e-con-inner\">\n\t\t\t\t<div class=\"elementor-element elementor-element-9d0a62f elementor-widget elementor-widget-heading\" data-id=\"9d0a62f\" data-element_type=\"widget\" data-widget_type=\"heading.default\">\n\t\t\t\t<div class=\"elementor-widget-container\">\n\t\t\t\t\t<h2 class=\"elementor-heading-title elementor-size-default\">K\u00e9rjen t\u0151l\u00fcnk aj\u00e1nlatot a legmegfelel\u0151bb megold\u00e1s megtal\u00e1l\u00e1sa \u00e9rdek\u00e9ben!<\/h2>\t\t\t\t<\/div>\n\t\t\t\t<\/div>\n\t\t\t\t\t<\/div>\n\t\t\t\t<\/div>\n\t\t\t\t<\/div>\n\t\t","protected":false},"excerpt":{"rendered":"<p>BEL\u00c9PTET\u0150 RENDSZEREK A bel\u00e9ptet\u0151 rendszerek c\u00e9lja a hozz\u00e1f\u00e9r\u00e9s ellen\u0151rz\u00e9se v\u00e9dett ter\u00fcleteken, \u00e9p\u00fcletekben vagy rendszerek eset\u00e9n. Ezek a rendszerek lehet\u0151v\u00e9 teszik, hogy csak az enged\u00e9lyezett szem\u00e9lyek vagy j\u00e1rm\u0171vek l\u00e9phessenek be egy adott helyre vagy ter\u00fcletre. Koll\u00e9g\u00e1ink komplex szolg\u00e1ltat\u00e1st ny\u00fajtanak ezen a ter\u00fcleten a: Bel\u00e9ptet\u0151 rendszerek tervez\u00e9s\u00e9vel Telep\u00edt\u00e9s\u00e9vel Karbantart\u00e1s\u00e1vaJav\u00edt\u00e1s\u00e1val Haszn\u00e1lhatjuk online, ahol a rendszer t\u00e1rol minden adatot [&hellip;]<\/p>\n","protected":false},"author":1,"featured_media":0,"parent":0,"menu_order":0,"comment_status":"closed","ping_status":"closed","template":"","meta":{"footnotes":""},"class_list":["post-75","page","type-page","status-publish","hentry"],"aioseo_notices":[],"jetpack-related-posts":[],"jetpack_sharing_enabled":true,"_links":{"self":[{"href":"https:\/\/max-ved.hu\/index.php\/wp-json\/wp\/v2\/pages\/75","targetHints":{"allow":["GET"]}}],"collection":[{"href":"https:\/\/max-ved.hu\/index.php\/wp-json\/wp\/v2\/pages"}],"about":[{"href":"https:\/\/max-ved.hu\/index.php\/wp-json\/wp\/v2\/types\/page"}],"author":[{"embeddable":true,"href":"https:\/\/max-ved.hu\/index.php\/wp-json\/wp\/v2\/users\/1"}],"replies":[{"embeddable":true,"href":"https:\/\/max-ved.hu\/index.php\/wp-json\/wp\/v2\/comments?post=75"}],"version-history":[{"count":27,"href":"https:\/\/max-ved.hu\/index.php\/wp-json\/wp\/v2\/pages\/75\/revisions"}],"predecessor-version":[{"id":504,"href":"https:\/\/max-ved.hu\/index.php\/wp-json\/wp\/v2\/pages\/75\/revisions\/504"}],"wp:attachment":[{"href":"https:\/\/max-ved.hu\/index.php\/wp-json\/wp\/v2\/media?parent=75"}],"curies":[{"name":"wp","href":"https:\/\/api.w.org\/{rel}","templated":true}]}}